iple of 109?
False
Is 1021 a factor of 1056765?
False
Is 94392 a multiple of 24?
True
Is 155350 a multiple of 50?
True
Is 71376 a multiple of 48?
True
Does 42 divide 2530962?
True
Does 137 divide 94923?
False
Is 17869 a multiple of 27?
False
Is 8 a factor of 17596448?
True
Does 44 divide 33220?
True
Is 45630 a multiple of 30?
True
Is 3706899 a multiple of 40?
False
Does 11 divide 203709?
True
Is 21 a factor of 280270?
False
Does 588 divide 633276?
True
Is 14 a factor of 157388?
True
Is 651 a factor of 3557715?
True
Is 2485425 a multiple of 155?
True
Does 10 divide 21799090?
True
Does 1029 divide 9962778?
True
Is 385671 a multiple of 377?
True
Does 154 divide 2119656?
True
Is 97635 a multiple of 147?
False
Is 48 a factor of 126638?
False
Does 20 divide 66080?
True
Does 105 divide 415119?
False
Is 20 a factor of 8140?
True
Does 42 divide 632142?
True
Is 3 a factor of 30001?
False
Does 16 divide 18862432?
True
Is 272296 a multiple of 674?
True
Does 5 divide 4634465?
True
Does 266 divide 56392?
True
Does 73 divide 15788?
False
Does 666 divide 87189?
False
Does 150 divide 14181000?
True
Does 591 divide 72693?
True
Does 38 divide 11811354?
False
Is 1038443 a multiple of 86?
False
Is 132 a factor of 820248?
True
Does 288 divide 974880?
True
Is 266 a factor of 654626?
True
Does 10 divide 15561802?
False
Is 19 a factor of 225549?
True
Is 46 a factor of 592419?
False
Does 64 divide 267840?
True
Does 107 divide 174410?
True
Does 8 divide 354704?
True
Is 38627 a multiple of 42?
False
Is 241176 a multiple of 26?
True
Is 682152 a multiple of 16?
False
Is 94696 a multiple of 5?
False
Does 108 divide 225917?
False
Does 85 divide 408425?
True
Is 66 a factor of 18195?
False
Is 756 a factor of 1944432?
True
Is 244 a factor of 3123890?
False
Is 5663015 a multiple of 974?
False
Is 169230 a multiple of 15?
True
Is 105 a factor of 2765107?
False
Is 51337 a multiple of 11?
True
Does 199 divide 40632?
False
Is 7 a factor of 131914?
False
Does 8 divide 857312?
True
Does 11 divide 289384?
False
Is 280 a factor of 13173160?
True
Does 109 divide 4204148?
False
Does 5 divide 1614005?
True
Does 112 divide 496160?
True
Is 9 a factor of 5030676?
True
Does 166 divide 7028772?
True
Does 12 divide 349095?
False
Is 442827 a multiple of 75?
False
Does 12 divide 9560924?
False
Is 15 a factor of 530605?
False
Does 558 divide 2526066?
True
Is 10 a factor of 39897?
False
Does 3 divide 8491?
False
Does 273 divide 604878?
False
Is 701373 a multiple of 219?
False
Is 35 a factor of 500769?
False
Is 223 a factor of 3938450?
False
Is 609599 a multiple of 371?
False
Is 79464 a multiple of 44?
True
Is 1371 a factor of 2493996?
False
Is 2321559 a multiple of 128?
False
Is 1247940 a multiple of 36?
True
Is 107722 a multiple of 4?
False
Is 8 a factor of 55074?
False
Is 104 a factor of 340880?
False
Does 102 divide 102714?
True
Is 6 a factor of 19863?
False
Is 27 a factor of 26713?
False
Is 3020160 a multiple of 330?
True
Is 216 a factor of 131332?
False
Is 469 a factor of 159013?
False
Is 59620 a multiple of 55?
True
Is 69 a factor of 3938451?
True
Is 4 a factor of 691534?
False
Is 9 a factor of 4975317?
True
Does 33 divide 18348?
True
Is 1480250 a multiple of 50?
True
Is 480868 a multiple of 21?
False
Is 318 a factor of 2780592?
True
Does 492 divide 2713144?
False
Is 6 a factor of 188100?
True
Does 664 divide 15917?
False
Is 119087 a multiple of 13?
False
Is 169197 a multiple of 3?
True
Does 43 divide 111972?
True
Is 63 a factor of 5498819?
False
Is 2702049 a multiple of 62?
False
Is 52 a factor of 344598?
False
Does 98 divide 2167074?
True
Is 1584642 a multiple of 828?
False
Is 11 a factor of 343871?
True
Does 6 divide 271036?
False
Is 19962 a multiple of 18?
True
Is 5154435 a multiple of 1335?
True
Is 322986 a multiple of 151?
False
Is 498 a factor of 8930634?
True
Is 57517 a multiple of 2?
False
Is 125 a factor of 332595?
False
Is 108 a factor of 1015528?
False
Does 633 divide 8184057?
True
Does 18 divide 28928?
False
Is 1436777 a multiple of 53?
True
Is 339 a factor of 5046638?
False
Does 560 divide 312480?
True
Is 365 a factor of 178341?
False
Is 22135566 a multiple of 52?
False
Is 54514 a multiple of 56?
False
Does 9 divide 162154?
False
Does 15 divide 11565?
True
Does 19 divide 115330?
True
Does 61 divide 1277096?
True
Is 816123 a multiple of 14?
False
Does 60 divide 2531520?
True
Is 38865 a multiple of 21?
False
Is 654 a factor of 3958051?
False
Is 125 a factor of 1360375?
True
Does 333 divide 708514?
False
Does 24 divide 5443230?
False
Is 91 a factor of 143052?
True
Is 977207 a multiple of 407?
True
Is 3574770 a multiple of 50?
False
Does 141 divide 578720?
False
Does 40 divide 170178?
False
Does 5 divide 1608600?
True
Is 11300 a multiple of 25?
True
Is 16 a factor of 196336?
True
Is 5 a factor of 42875?
True
Does 141 divide 222644?
False
Does 98 divide 25554?
False
Is 175576 a multiple of 19?
False
Is 14 a factor of 1779158?
False
Is 19 a factor of 34472?
False
Is 105750 a multiple of 75?
True
Is 88 a factor of 1518962?
False
Does 269 divide 485448?
False
Is 670599 a multiple of 257?
False
Is 236449 a multiple of 247?
False
Is 823 a factor of 266990?
False
Is 69 a factor of 1874316?
True
Is 870246 a multiple of 232?
False
Is 8160 a multiple of 17?
True
Is 7 a factor of 604982?
True
Is 14 a factor of 63210?
True
Is 36 a factor of 120024?
True
Does 7 divide 17535?
True
Is 3 a factor of 36767?
False
Is 821705 a multiple of 468?
False
Does 3 divide 579603?
True
Is 5 a factor of 54262?
False
Is 12 a factor of 1366260?
True
Does 95 divide 12237520?
True
Is 9 a factor of 561677?
False
Is 57910 a multiple of 408?
False
Is 54 a factor of 1362798?
True
Does 37 divide 6867570?
True
Is 3213336 a multiple of 248?
True
Is 15519 a multiple of 12?
False
Is 20582414 a multiple of 586?
False
Is 371700 a multiple of 90?
True
Is 9 a factor of 863199?
True
Is 4706895 a multiple of 501?
True
Is 13187286 a multiple of 1218?
True
Does 4 divide 3316568?
True
Is 2565126 a multiple of 6?
True
Does 50 divide 126800?
True
Does 45 divide 1645272?
False
Is 31993 a multiple of 23?
True
Is 59 a factor of 214230?
False
Does 16 divide 2446156?
False
Is 37 a factor of 123062?
True
Does 159 divide 1583799?
True
Is 93713 a multiple of 16?
False
Is 162366 even?
True
Is 156 a factor of 16068?
True
Is 3296832 a multiple of 84?
True
Does 17 divide 32300?
True
Is 38437 a multiple of 323?
True
Is 143 a factor of 193588?
False
Is 25 a factor of 3675850?
True
Is 695151 a multiple of 29?
False
Is 274450 a multiple of 14?
False
Is 56 a factor of 332873?
False
Is 2960048 a multiple of 1391?
True
Is 36177061 a multiple of 148?
False
Is 145 a factor of 22475?
True
Is 53 a factor of 460901?
False
Is 13145066 a multiple of 11?
True
Is 1766760 a multiple of 12?
True
Does 290 divide 64535?
False
Is 147168 a multiple of 63?
True
Is 19 a factor of 486608?
False
Is 28526236 a multiple of 69?
False
Is 26 a factor of 24866?
False
Is 17280 a multiple of 960?
True
Is 5427801 a multiple of 883?
True
Is 418960 a multiple of 20?
True
Is 1337225 a multiple of 601?
True
Is 5417560 a multiple of 452?
False
Is 17868734 a multiple of 24?
False
Is 53 a factor of 139708?
True
Does 976 divide 8483756?
False
Does 279 divide 107415?
True
Is 1267336 a multiple of 371?
True
Is 729470 a multiple of 238?
True
Does 6 divide 2434169?
False
Is 13 a factor of 24095?
False
Is 470635 a multiple of 215?
True
Is 6 a factor of 533256?
True
Does 19 divide 503494?
False
Is 388887 a multiple of 62?
False
Is 153 a factor of 775534?
False
Does 189 divide 4399542?
True
Is 16 a factor of 124239?
False
Is 9 a factor of 2782683?
True
Does 258 divide 1130148?
False
Is 1267794 a multiple of 104?
False
Is 14 a factor of 261156?
True
Is 247 a factor of 136097?
True
Does 300 divide 5763000?
True
Is 25 a factor of 26084?
False
Is 280602 a multiple of 9?
True
Does 5 divide 1347011?
False
Is 4830018 a multiple of 777?
False
Is 1474480 a multiple of 56?
True
Is 15 a factor of 698610?
True
Is 557194 a multiple of 209?
True
Is 14568286 a multiple of 571?
False
Is 97 a factor of 1286285?
False
Is 121 a factor of 13863091?
True
Is 197 a factor of 607745?
True
Is 14442 a multiple of 9?
False
Is 41 a factor of 3033572?
False
Does 721 divide 3487530?
False
Does 20 divide 821594?
False
Does 